 = d - -2. Suppose r + 5 = -4*y, 4*r - y - 31 = -o*y. Is r prime?
True
Let y(x) = 14*x**2 + 6*x - 13. Is y(-7) a composite number?
False
Suppose 0*h + h = 394. Is h composite?
True
Let s(t) = -2*t**2 + t + 33. Let j be 2/(-8) - 2/(-8). Is s(j) composite?
True
Let k(o) = 9*o**3 + 2*o**2 + o - 2. Let s(c) be the second derivative of c**4/12 + c**3/6 - c**2/2 + c. Let q(b) = k(b) - 3*s(b). Is q(2) a composite number?
True
Let a(g) = 12*g**3 - 6*g**2 + 4*g - 9. Is a(5) a prime number?
True
Let o(m) = 24 - 24 + 7*m. Is o(1) a prime number?
True
Let g(z) = -15*z + 2. Is g(-3) prime?
True
Let l be 1/3 - (-8)/3. Suppose l*j - 15 = -v, 2*j + 5 = -v + 4*j. Suppose v*a - f = -6*f + 11, -2*a + 4*f + 22 = 0. Is a a composite number?
False
Suppose -5*l + 7*l + 2 = 0. Is l - (-2 + -2 + -262) a prime number?
False
Suppose 35*t - 30*t = 5855. Is t a prime number?
True
Suppose 2*i + 6 = -0*i. Is 118 + 5/(5/i) a composite number?
True
Let a(v) = -v**3 + 6*v**2 + 2*v + 3. Let s = 10 + -5. Suppose s*j - 18 = -3*k, 2*j = j - 4*k - 10. Is a(j) a composite number?
True
Let l(a) be the first derivative of 2 + 1/2*a**2 + 7*a. Is l(0) prime?
True
Suppose -3*c = 4*s + 2, 2*c = s - 3*s. Is ((-124)/(1 - -1))/s a composite number?
False
Suppose 3*c + 3*h - 505 = 116, -5*c = 2*h - 1041. Is c a prime number?
False
Let y(u) = 4*u + 6. Let h be y(-4). Let d = -7 - h. Is d composite?
False
Let f(j) be the second derivative of -j**5/20 - j**4/2 - 2*j**3/3 + 7*j**2/2 + j. Let m be f(-5). Is (-2)/3*(-141)/m composite?
False
Let o(r) = r**2 + r - 298. Let f be o(0). Is f/(6/(-2) - -1) a composite number?
False
Is 3603/(1 + -4)*-1 prime?
True
Suppose -l - 4*v = 4*l - 11175, -5*v = -4*l + 8899. Is l prime?
False
Suppose -3*c - 3403 = -4*c. Is c a prime number?
False
Let r(h) = -5*h**3 - 27*h**2 + 10*h - 1. Let p(a) = -2*a**3 - 9*a**2 + 3*a. Let l(g) = -8*p(g) + 3*r(g). Is l(10) composite?
False
Let y be (-1)/(3/(-12) - 0). Suppose -y*w - 132 = -8*w. Let l = 84 - w. Is l composite?
True
Suppose 5*n = 23 - 8, x - 358 = 5*n. Is x composite?
False
Let o(k) = 932*k**3 - 3*k**2 - k + 1. Is o(1) a prime number?
True
Let v be 4/(-18) + (-520)/90. Is 66*(10/v + 2) a composite number?
True
Let b(k) = k**2 + 1. Let a be b(4). Let c = a - -4. Is c prime?
False
Let k(c) = -10 + c + 3 - 1 + 3*c**2. Is k(3) a prime number?
False
Let b(l) = -l**3 + 6*l**2 + 7*l + 3. Let j be b(11). Let f = -274 - j. Is f composite?
False
Let n(o) = o**3 - 4*o**2 - 13 - 10*o + 8 + o + 0*o**3. Is n(7) a composite number?
False
Suppose 2*b - 13 = 5*p - 4, -3*p - 18 = 3*b. Is ((-981)/6)/b*2 prime?
True
Suppose 4*r + 5*w - 304 = 203, 0 = -2*r + 3*w + 281. Is r a prime number?
False
Let i be -10*(-9)/6*-1. Let n = 22 - i. Is n prime?
True
Suppose -2*p = -u - 103, 5*u - 109 = 2*p - 648. Let b(i) = -3*i**2 - 4*i + 8. Let l be b(-6). Let y = l - u. Is y prime?
False
Let w(l) = -7*l**2 - 8*l + 8. Let o(m) = -m + 1. Let h(t) = t**2 - 3. Let u be h(-3). Let j(r) = u*o(r) - w(r). Is j(-3) composite?
True
Let n be (15/30)/(2/(-4)). Is (-167)/3*(n - 2) composite?
False
Let s(k) = -18*k - 8. Let r be s(-8). Let z = 187 + r. Is z composite?
True
Let s(w) = 21*w + 4. Suppose k - 1 - 3 = 0. Let g be s(k). Let f = g - -9. Is f a prime number?
True
Let z = -19 - -57. Is (5 - 4)/(2/z) composite?
False
Suppose -8*a = -3*a - 2080. Suppose 4*u - 3*c = -0*u + 837, -2*c - a = -2*u. Suppose 0 = 4*i - m - 270, 4*i + 5*m - 45 - u = 0. Is i composite?
False
Suppose 60 = 3*z - 3*q, -68 = -2*z + 2*q - 7*q. Suppose -v - 5*k + z = 0, 5*v + 77 - 281 = 3*k. Suppose 4*m - v - 165 = 0. Is m composite?
True
Let z(w) = -w**3 + 4*w**2 + w - 2. Let g be z(4). Suppose g*t + 40 - 158 = 0. Is t prime?
True
Suppose -3*p + 6 = -4*w + 2, 4*p - 18 = -w. Suppose v + 5*a - 20 = 0, -w*a - 73 = -4*v - v. Is 4/(-6) + 775/v a prime number?
False
Let p be 4/10 - 133/(-5). Let s = p + 6. Let m = s + -10. Is m a composite number?
False
Let r(z) = -4*z - 1. Let y be r(-1). Suppose y*x = -2*x + 150. Suppose u = -u + x. Is u a composite number?
True
Is 201*(2 + 24/(-18)) a composite number?
True
Let s(v) = -v**2 + 4*v + 2. Let i be s(4). Is (-1)/i*-47*2 a composite number?
False
Let n = -11 - -15. Let g = 0 + n. Suppose 189 - 17 = g*h. Is h a prime number?
True
Let y = -317 + 574. Is y a prime number?
True
Let l(v) = 28*v + 11. Let h(b) = 1. Let s(p) = -4*h(p) - l(p). Is s(-10) a prime number?
False
Let m(k) = 2*k**3 - 2*k**2 + k + 2. Let d be m(4). Suppose -b = -109 - d. Is b a composite number?
False
Suppose 3*m = m + 6. Let u = m + 2. Suppose 0*j - 2*i + 33 = j, 2*j - u*i - 93 = 0. Is j a prime number?
False
Let r be (4/(-4))/(2/14). Is r/(-28) - (-55)/4 composite?
True
Let s = -5 + 9. Suppose -122 = -s*t + 26. Is t prime?
True
Suppose t + 398 = 3*c, 3*t + 16 = 7*t. Suppose 71 + 10 = b. Let v = c - b. Is v composite?
False
Suppose -v + 601 = 4*q, q + v = 82 + 72. Is q composite?
False
Suppose -5*s - 7 = d, 5*s + 0*d + 13 = -4*d. Let w = 4 + s. Suppose -b - b + 115 = 5*o, w*b = -5*o + 115. Is o a prime number?
True
Suppose -3 = -0*d - d. Let f = d - -9. Suppose 3*x = 99 + f. Is x a composite number?
False
Let s(k) = 3*k**2 - k - 1. Let t be s(-1). Suppose t*h + 5*q = 766, 5*h + 3*q - 1245 = q. Suppose 0 = -5*b - 12 + h. Is b composite?
False
Suppose -4*q + 5 - 29 = 0. Let d = 2 + q. Is (-37)/d*(5 + -1) prime?
True
Suppose 4*z - 6*z - 5*n + 2474 = 0, -4*n = -4*z + 4892. Is z a prime number?
False
Suppose 3*v = 5*u + 33, -v = -3*v + 3*u + 21. Let x be 1*-6*v/9. Let y(f) = -23*f + 1. Is y(x) a prime number?
False
Suppose 3*h + 2*h = 10. Let y = 15 - h. Is y prime?
True
Suppose 0*k = 2*k - 898. Suppose -2*v = -6*v + 3*z + k, -4*z = -5*v + 561. Is v prime?
True
Let t = -252 + 361. Let z = t + -64. Suppose q = 4*q - z. Is q a prime number?
False
Let j = 15111 - 7976. Is j a prime number?
False
Suppose 2*r - 752 = -2*u, -2*r + 1885 = 3*r + 4*u. Is r a composite number?
True
Let m be 9 + 1/(3 + -2). Suppose -5*l - 2*h + m = -7, 3*l + 3*h - 3 = 0. Suppose -3*k + 2*n + 175 = 6*n, -4*n = -l*k + 345. Is k composite?
True
Suppose -t - 7 + 56 = 0. Suppose -397 + t = -4*c. Is c a prime number?
False
Suppose -2*s - 19 = 65. Let r = -107 + 46. Let n = s - r. Is n prime?
True
Suppose -482 = -3*p + 2*p. Is p prime?
False
Let u(z) = z**3 + 4*z**2 + 3*z - 2. Let q be u(-4). Let w = 20 + q. Let j(h) = -h**3 + 6*h**2 + 4*h + 2. Is j(w) composite?
True
Suppose 5*p + 64 = -c + p, p + 320 = -5*c. Let g be (c/(-24))/((-4)/(-6)). Suppose -810 = -5*n + w, -2*n + g*w - 141 = -3*n. Is n composite?
True
Suppose 10 = -0*w + 5*w. Suppose -3*y = -w*y - 446. Is 4/(-1)*y/(-8) a prime number?
True
Suppose -5*m - 662 = -5307. Is m a composite number?
False
Let z(c) = 5*c**2 + 2*c + 0*c**2 + 2*c - 4 - 8. Is z(5) prime?
False
Let o be (-1133 - -1)*(-2)/4. Let p = -63 + o. Is p composite?
False
Let s(w) = -7*w. Let j be s(-2). Is 621/7 - (-4)/j composite?
False
Let g(w) = -w**2 - 4*w + 5. Let z be g(-5). Suppose -3*p + z*p = -9, 5*j = p - 43. Let q(t) = t**3 + 8*t**2 - 4*t + 1. Is q(j) composite?
True
Let z(q) = 252*q - 5. Is z(26) a composite number?
False
Let p(o) = o + 5. Let r be p(0). Suppose -r*z + 124 = -z. Is z composite?
False
Suppose 4*a + 727 = 3*i, 0 = -a + 5 - 3. Let s = i + -109. Suppose -6*j + s = -2*j. Is j a composite number?
True
Suppose 0 = -3*h + 4*h. Let a be ((-3)/(-5))/(3/15). Is (-1)/(h + a/(-237)) prime?
True
Suppose 4870 = -4*l + 3*k + 1481, 5*l = -2*k - 4219. Is 3/(-12) - l/4 composite?
False
Let l be (12/4 + -2)*0. Suppose -4*n = -4*c + 636, 3*n = 2*c - l*n - 318. Is c composite?
True
Let d be (1/(-2))/((-1)/572). Let s = -125 + d. Is s a prime number?
False
Let q be 2 - -1 - (10 + 2). Let d = q - -31. Is d composite?
True
Is 4873/33*(4 - 1) prime?
True
Let o(f) = 0 - f + 2*f**2 - 3*f + 3 - f. Suppose -3*t + 7 = -n, -6 = -0*n - 3*n. Is o(t) a composite number?
True
Let z = 0 - 5. Let d be 0 - z/(5/2). Suppose 4*f = f, d*x - 182 = -3*f. Is x a prime number?
False
Suppose 2*k + 3*k - 185 = -4*j, 2*j = -2*k + 94. Suppose 0 = 2*b - 4*b + j. Is b composite?
True
Let z(n) = n**2 - 4*n - 7. Let r be (-1 + 3)/((-6)/3). Let v be (1 + -1 + -7)/r. Is z(v) prime?
False
Let c(f) = -6*f**2 - 5*f. Let q(k) = -6*k**2 - 6*k. Let v(y) = -7*c(y) + 6*q(y). Is v(-1) prime?
True
Let p be (214*(-2)/4)/1. Le